{"id":5393,"date":"2026-03-14T23:46:47","date_gmt":"2026-03-14T22:46:47","guid":{"rendered":"https:\/\/www.eurobrill.com\/sobre-nosotros\/"},"modified":"2026-04-26T10:39:08","modified_gmt":"2026-04-26T09:39:08","slug":"sobre-nosaltres","status":"publish","type":"page","link":"https:\/\/www.eurobrill.com\/ca\/sobre-nosaltres\/","title":{"rendered":"Sobre nosaltres"},"content":{"rendered":"\t\t<div data-elementor-type=\"wp-page\" data-elementor-id=\"5393\" class=\"elementor elementor-5393\">\n\t\t\t\t<div class=\"elementor-element elementor-element-bfb0ea9 e-flex e-con-boxed e-con e-parent\" data-id=\"bfb0ea9\" data-element_type=\"container\" data-e-type=\"container\">\n\t\t\t\t\t<div class=\"e-con-inner\">\n\t\t<div class=\"elementor-element elementor-element-c3d7907 e-con-full e-flex e-con e-child\" data-id=\"c3d7907\" data-element_type=\"container\" data-e-type=\"container\">\n\t\t\t\t<div class=\"elementor-element elementor-element-a753b41 elementor-widget elementor-widget-heading\" data-id=\"a753b41\" data-element_type=\"widget\" data-e-type=\"widget\" data-widget_type=\"heading.default\">\n\t\t\t\t\t<h2 class=\"elementor-heading-title elementor-size-default\">Qualitat, Experi\u00e8ncia i Innovaci\u00f3<\/h2>\t\t\t\t<\/div>\n\t\t\t\t<div class=\"elementor-element elementor-element-dbe17fc elementor-widget elementor-widget-text-editor\" data-id=\"dbe17fc\" data-element_type=\"widget\" data-e-type=\"widget\" data-widget_type=\"text-editor.default\">\n\t\t\t\t\t\t\t\t\t<p><strong>Eurobrill, S.L.<\/strong> va ser creada en 1985 per Jos\u00e9 P\u00e9rez Conesa i actualment est\u00e0 al capdavant de l&#8217;empresa el seu fill, Pedro Antonio P\u00e9rez Jim\u00e9nez.<br \/><br \/>La nostra companyia es dedica als\u00a0<strong>serveis de neteja<\/strong>\u00a0a Barcelona. Disposem d&#8217;una \u00e0mplia gamma de m\u00e0quines de fregar i m\u00e0quines d&#8217;escombrar industrials i una log\u00edstica pr\u00f2pia per al transport de maquin\u00e0ria que ens permet dur a terme intervencions r\u00e0pides. Comptem amb una flota de vehicles pr\u00f2pia destinada al control i la realitzaci\u00f3 dels serveis de neteja a Barcelona, aix\u00ed com al transport de maquin\u00e0ria pesant de l&#8217;empresa. Incloent un cami\u00f3-grua de 16 metres d&#8217;abast, especial per als serveis en altura.<\/p>\t\t\t\t\t\t\t\t<\/div>\n\t\t\t\t<\/div>\n\t\t<div class=\"elementor-element elementor-element-913a05e e-con-full e-flex e-con e-child\" data-id=\"913a05e\" data-element_type=\"container\" data-e-type=\"container\">\n\t\t\t\t<div class=\"elementor-element elementor-element-04f4c59 elementor-invisible elementor-widget elementor-widget-image\" data-id=\"04f4c59\" data-element_type=\"widget\" data-e-type=\"widget\" data-settings=\"{&quot;_animation&quot;:&quot;fadeIn&quot;}\" data-widget_type=\"image.default\">\n\t\t\t\t\t\t\t\t\t\t\t\t\t\t\t<img fetchpriority=\"high\" decoding=\"async\" width=\"634\" height=\"364\" src=\"https:\/\/www.eurobrill.com\/wp-content\/uploads\/2015\/08\/sobre-nuestra-empresa-de-limpieza-barcelona.jpg\" class=\"attachment-large size-large wp-image-2522\" alt=\"\" srcset=\"https:\/\/www.eurobrill.com\/wp-content\/uploads\/2015\/08\/sobre-nuestra-empresa-de-limpieza-barcelona.jpg 634w, https:\/\/www.eurobrill.com\/wp-content\/uploads\/2015\/08\/sobre-nuestra-empresa-de-limpieza-barcelona-300x172.jpg 300w\" sizes=\"(max-width: 634px) 100vw, 634px\" \/>\t\t\t\t\t\t\t\t\t\t\t\t\t\t\t<\/div>\n\t\t\t\t<\/div>\n\t\t\t\t\t<\/div>\n\t\t\t\t<\/div>\n\t\t<div class=\"elementor-element elementor-element-036fd83 e-flex e-con-boxed e-con e-parent\" data-id=\"036fd83\" data-element_type=\"container\" data-e-type=\"container\">\n\t\t\t\t\t<div class=\"e-con-inner\">\n\t\t\t\t<div class=\"elementor-element elementor-element-0739377 elementor-widget elementor-widget-text-editor\" data-id=\"0739377\" data-element_type=\"widget\" data-e-type=\"widget\" data-widget_type=\"text-editor.default\">\n\t\t\t\t\t\t\t\t\t<p>La nostra empresa de serveis de neteja a Barcelona est\u00e0 orgullosa de col\u00b7laborar, des de fa alguns anys, amb entitats sense \u00e0nim de lucre, per\u00f2 no sols com una q\u00fcesti\u00f3 de prestigi o una forma si es fes con\u00e8ixer, sin\u00f3 tamb\u00e9 com un mitj\u00e0 per a tornar a la societat parteix dels beneficis obtinguts en l&#8217;activitat empresarial. Cal destacar l&#8217;aportaci\u00f3 de 1000\u00a0kgs\u00a0d&#8217;aliments en la recaptaci\u00f3 realitzada en la nostra poblaci\u00f3 a trav\u00e9s del Banc d&#8217;aliments i l&#8217;enviament de material escolar a diversos poblats africans.<\/p>\t\t\t\t\t\t\t\t<\/div>\n\t\t\t\t\t<\/div>\n\t\t\t\t<\/div>\n\t\t\t\t<\/div>\n\t\t","protected":false},"excerpt":{"rendered":"<p>Qualitat, Experi\u00e8ncia i Innovaci\u00f3 Eurobrill, S.L. va ser creada en 1985 per Jos\u00e9 P\u00e9rez Conesa i actualment est\u00e0 al capdavant [&hellip;]<\/p>\n","protected":false},"author":1,"featured_media":0,"parent":0,"menu_order":0,"comment_status":"closed","ping_status":"closed","template":"","meta":{"site-sidebar-layout":"no-sidebar","site-content-layout":"plain-container","ast-site-content-layout":"full-width-container","site-content-style":"default","site-sidebar-style":"default","ast-global-header-display":"","ast-banner-title-visibility":"","ast-main-header-display":"","ast-hfb-above-header-display":"","ast-hfb-below-header-display":"","ast-hfb-mobile-header-display":"","site-post-title":"","ast-breadcrumbs-content":"","ast-featured-img":"disabled","footer-sml-layout":"","ast-disable-related-posts":"","theme-transparent-header-meta":"disabled","adv-header-id-meta":"","stick-header-meta":"","header-above-stick-meta":"","header-main-stick-meta":"","header-below-stick-meta":"","astra-migrate-meta-layouts":"set","ast-page-background-enabled":"default","ast-page-background-meta":{"desktop":{"background-color":"var(--ast-global-color-5)","background-image":"","background-repeat":"repeat","background-position":"center center","background-size":"auto","background-attachment":"scroll","background-type":"","background-media":"","overlay-type":"","overlay-color":"","overlay-opacity":"","overlay-gradient":""},"tablet":{"background-color":"","background-image":"","background-repeat":"repeat","background-position":"center center","background-size":"auto","background-attachment":"scroll","background-type":"","background-media":"","overlay-type":"","overlay-color":"","overlay-opacity":"","overlay-gradient":""},"mobile":{"background-color":"","background-image":"","background-repeat":"repeat","background-position":"center center","background-size":"auto","background-attachment":"scroll","background-type":"","background-media":"","overlay-type":"","overlay-color":"","overlay-opacity":"","overlay-gradient":""}},"ast-content-background-meta":{"desktop":{"background-color":"var(--ast-global-color-4)","background-image":"","background-repeat":"repeat","background-position":"center center","background-size":"auto","background-attachment":"scroll","background-type":"","background-media":"","overlay-type":"","overlay-color":"","overlay-opacity":"","overlay-gradient":""},"tablet":{"background-color":"var(--ast-global-color-4)","background-image":"","background-repeat":"repeat","background-position":"center center","background-size":"auto","background-attachment":"scroll","background-type":"","background-media":"","overlay-type":"","overlay-color":"","overlay-opacity":"","overlay-gradient":""},"mobile":{"background-color":"var(--ast-global-color-4)","background-image":"","background-repeat":"repeat","background-position":"center center","background-size":"auto","background-attachment":"scroll","background-type":"","background-media":"","overlay-type":"","overlay-color":"","overlay-opacity":"","overlay-gradient":""}},"footnotes":""},"class_list":["post-5393","page","type-page","status-publish","hentry"],"aioseo_notices":[],"_links":{"self":[{"href":"https:\/\/www.eurobrill.com\/ca\/wp-json\/wp\/v2\/pages\/5393","targetHints":{"allow":["GET"]}}],"collection":[{"href":"https:\/\/www.eurobrill.com\/ca\/wp-json\/wp\/v2\/pages"}],"about":[{"href":"https:\/\/www.eurobrill.com\/ca\/wp-json\/wp\/v2\/types\/page"}],"author":[{"embeddable":true,"href":"https:\/\/www.eurobrill.com\/ca\/wp-json\/wp\/v2\/users\/1"}],"replies":[{"embeddable":true,"href":"https:\/\/www.eurobrill.com\/ca\/wp-json\/wp\/v2\/comments?post=5393"}],"version-history":[{"count":4,"href":"https:\/\/www.eurobrill.com\/ca\/wp-json\/wp\/v2\/pages\/5393\/revisions"}],"predecessor-version":[{"id":5398,"href":"https:\/\/www.eurobrill.com\/ca\/wp-json\/wp\/v2\/pages\/5393\/revisions\/5398"}],"wp:attachment":[{"href":"https:\/\/www.eurobrill.com\/ca\/wp-json\/wp\/v2\/media?parent=5393"}],"curies":[{"name":"wp","href":"https:\/\/api.w.org\/{rel}","templated":true}]}}

<div data-elementor-type="wp-page" data-elementor-id="5393" class="elementor elementor-5393">
				<div class="elementor-element elementor-element-bfb0ea9 e-flex e-con-boxed e-con e-parent" data-id="bfb0ea9" data-element_type="container" data-e-type="container">
					<div class="e-con-inner">
		<div class="elementor-element elementor-element-c3d7907 e-con-full e-flex e-con e-child" data-id="c3d7907" data-element_type="container" data-e-type="container">
				<div class="elementor-element elementor-element-a753b41 elementor-widget elementor-widget-heading" data-id="a753b41" data-element_type="widget" data-e-type="widget" data-widget_type="heading.default">
					<h2 class="elementor-heading-title elementor-size-default">Qualitat, Experiència i Innovació</h2>				</div>
				<div class="elementor-element elementor-element-dbe17fc elementor-widget elementor-widget-text-editor" data-id="dbe17fc" data-element_type="widget" data-e-type="widget" data-widget_type="text-editor.default">
									<p><strong>Eurobrill, S.L.</strong> va ser creada en 1985 per José Pérez Conesa i actualment està al capdavant de l&#8217;empresa el seu fill, Pedro Antonio Pérez Jiménez.<br /><br />La nostra companyia es dedica als <strong>serveis de neteja</strong> a Barcelona. Disposem d&#8217;una àmplia gamma de màquines de fregar i màquines d&#8217;escombrar industrials i una logística pròpia per al transport de maquinària que ens permet dur a terme intervencions ràpides. Comptem amb una flota de vehicles pròpia destinada al control i la realització dels serveis de neteja a Barcelona, així com al transport de maquinària pesant de l&#8217;empresa. Incloent un camió-grua de 16 metres d&#8217;abast, especial per als serveis en altura.</p>								</div>
				</div>
		<div class="elementor-element elementor-element-913a05e e-con-full e-flex e-con e-child" data-id="913a05e" data-element_type="container" data-e-type="container">
				<div class="elementor-element elementor-element-04f4c59 elementor-invisible elementor-widget elementor-widget-image" data-id="04f4c59" data-element_type="widget" data-e-type="widget" data-settings="{&quot;_animation&quot;:&quot;fadeIn&quot;}" data-widget_type="image.default">
															<img fetchpriority="high" decoding="async" width="634" height="364" src="https://www.eurobrill.com/wp-content/uploads/2015/08/sobre-nuestra-empresa-de-limpieza-barcelona.jpg" class="attachment-large size-large wp-image-2522" alt="" srcset="https://www.eurobrill.com/wp-content/uploads/2015/08/sobre-nuestra-empresa-de-limpieza-barcelona.jpg 634w, https://www.eurobrill.com/wp-content/uploads/2015/08/sobre-nuestra-empresa-de-limpieza-barcelona-300x172.jpg 300w" sizes="(max-width: 634px) 100vw, 634px" />															</div>
				</div>
					</div>
				</div>
		<div class="elementor-element elementor-element-036fd83 e-flex e-con-boxed e-con e-parent" data-id="036fd83" data-element_type="container" data-e-type="container">
					<div class="e-con-inner">
				<div class="elementor-element elementor-element-0739377 elementor-widget elementor-widget-text-editor" data-id="0739377" data-element_type="widget" data-e-type="widget" data-widget_type="text-editor.default">
									<p>La nostra empresa de serveis de neteja a Barcelona està orgullosa de col·laborar, des de fa alguns anys, amb entitats sense ànim de lucre, però no sols com una qüestió de prestigi o una forma si es fes conèixer, sinó també com un mitjà per a tornar a la societat parteix dels beneficis obtinguts en l&#8217;activitat empresarial. Cal destacar l&#8217;aportació de 1000 kgs d&#8217;aliments en la recaptació realitzada en la nostra població a través del Banc d&#8217;aliments i l&#8217;enviament de material escolar a diversos poblats africans.</p>								</div>
					</div>
				</div>
				</div>

<p>Qualitat, Experiència i Innovació Eurobrill, S.L. va ser creada en 1985 per José Pérez Conesa i actualment està al capdavant [&hellip;]</p>
